{"id":80,"date":"2024-12-04T20:21:22","date_gmt":"2024-12-04T19:21:22","guid":{"rendered":"http:\/\/ujptzqv.cluster027.hosting.ovh.net\/?page_id=80"},"modified":"2024-12-04T20:21:22","modified_gmt":"2024-12-04T19:21:22","slug":"big-pauper-win-some-foils","status":"publish","type":"page","link":"https:\/\/www.the-chump-wizards.com\/index.php\/big-pauper-win-some-foils\/","title":{"rendered":"Big Pauper &#8211; win some foils"},"content":{"rendered":"\n<h2 class=\"wp-block-heading\">Histoire de l\u2019\u00e9venement<\/h2>\n\n\n\n<p>Big Pauper \u00ab\u00a0Win some Foils\u00a0\u00bb<\/p>\n\n\n\n<p>Second tournoi semi-comp\u00e9titif (avec Top4) de l&rsquo;ann\u00e9e, se d\u00e9roulant pendant le deuxi\u00e8me trimestre de l&rsquo;ann\u00e9e.<\/p>\n\n\n\n<p>Ce dernier permet de gagner des cartes Foils ultra utilis\u00e9es en PAUPER, si le \u00ab\u00a0pimp\u00a0\u00bb vous int\u00e9resse, venez donc tenter votre chance pour acqu\u00e9rir de jolies cartes toutes mignonnes afin de pouvoir briller pendant vos tournois.<\/p>\n\n\n\n<p>Id\u00e9al pour se faire un \u00e9vent fun entre potes ou en famille.<\/p>\n\n\n\n<p><\/p>\n","protected":false},"excerpt":{"rendered":"<p>Histoire de l\u2019\u00e9venement Big Pauper \u00ab\u00a0Win some Foils\u00a0\u00bb Second tournoi semi-comp\u00e9titif (avec Top4) de l&rsquo;ann\u00e9e, se d\u00e9roulant pendant le deuxi\u00e8me trimestre de l&rsquo;ann\u00e9e. Ce dernier permet de gagner des cartes Foils ultra utilis\u00e9es en PAUPER, si le \u00ab\u00a0pimp\u00a0\u00bb vous int\u00e9resse, venez donc tenter votre chance pour acqu\u00e9rir de jolies cartes toutes mignonnes afin de pouvoir [&hellip;]<\/p>\n","protected":false},"author":1,"featured_media":0,"parent":0,"menu_order":0,"comment_status":"closed","ping_status":"closed","template":"","meta":{"footnotes":""},"class_list":["post-80","page","type-page","status-publish","hentry"],"_links":{"self":[{"href":"https:\/\/www.the-chump-wizards.com\/index.php\/wp-json\/wp\/v2\/pages\/80","targetHints":{"allow":["GET"]}}],"collection":[{"href":"https:\/\/www.the-chump-wizards.com\/index.php\/wp-json\/wp\/v2\/pages"}],"about":[{"href":"https:\/\/www.the-chump-wizards.com\/index.php\/wp-json\/wp\/v2\/types\/page"}],"author":[{"embeddable":true,"href":"https:\/\/www.the-chump-wizards.com\/index.php\/wp-json\/wp\/v2\/users\/1"}],"replies":[{"embeddable":true,"href":"https:\/\/www.the-chump-wizards.com\/index.php\/wp-json\/wp\/v2\/comments?post=80"}],"version-history":[{"count":1,"href":"https:\/\/www.the-chump-wizards.com\/index.php\/wp-json\/wp\/v2\/pages\/80\/revisions"}],"predecessor-version":[{"id":81,"href":"https:\/\/www.the-chump-wizards.com\/index.php\/wp-json\/wp\/v2\/pages\/80\/revisions\/81"}],"wp:attachment":[{"href":"https:\/\/www.the-chump-wizards.com\/index.php\/wp-json\/wp\/v2\/media?parent=80"}],"curies":[{"name":"wp","href":"https:\/\/api.w.org\/{rel}","templated":true}]}}